{"id":9827,"date":"2023-07-17T17:09:21","date_gmt":"2023-07-17T15:09:21","guid":{"rendered":"https:\/\/www.salautopianaretoa.com\/evento\/calorcalor\/"},"modified":"2023-07-17T17:09:21","modified_gmt":"2023-07-17T15:09:21","slug":"calorcalor","status":"publish","type":"tribe_events","link":"https:\/\/www.salautopianaretoa.com\/eu\/ekitaldia\/calorcalor\/","title":{"rendered":"caLORCAlor"},"content":{"rendered":"<p><strong>GUAYOMIN\u00cd PRODUCCIONES<\/strong><\/p>\n<p>IRAUPENA: 50 minutu<\/p>\n<p>6 urtetik aurrera<\/p>\n<p><strong>OH 2023 SARIA HAURRENTZAKO IKUSKIZUN ONENARI<\/strong><\/p>\n<p>Bi aktore, Arantxa eta Lobo, lastategi batean elkartuko dira amets bat eig bihurtzeko: Fuente Vaquerosen egileari justizia poetikoa egingo dion antzezlan bat sortuko dute. Lan hori erraza izango litzateke bere bertsoak hain ederrak izango ez balira, ezen bere obraren irudikapen bat bera ere ezin izango bailitzateke hain ederra izan. Azken finean, nola eraman daiteke itsasoaren usaina antzokira edo nola bete daiteke izarrez besaulki patioa?<\/p>\n<div class='avia-iframe-wrap'><iframe loading=\"lazy\" title=\"teaser prov CALORCALOR\" width=\"1500\" height=\"844\" src=\"https:\/\/www.youtube.com\/embed\/IuBLCddkD5M?feature=oembed\" frameborder=\"0\" allow=\"accelerometer; autoplay; clipboard-write; encrypted-media; gyroscope; picture-in-picture; web-share\" allowfullscreen><\/iframe><\/div>\n<p>Komedia interaktibo honen bidez, elkarrekin Lorcaren nortasun adierazgarria ezagutuko dute, bere piezarik ludikoenak, jendea festara eramango dute eta, benetan ondo egiten badute, egilea bera ere ager daiteke sorpresa bat emateko.<\/p>\n<p>&nbsp;<\/p>\n<p><img loading=\"lazy\" decoding=\"async\" class=\"alignnone wp-image-9767 size-full\" src=\"https:\/\/www.salautopianaretoa.com\/wp-content\/uploads\/2023\/07\/whatsapp-image-2023-01-04-at-122816-0.jpeg\" alt=\"\" width=\"1920\" height=\"600\" srcset=\"https:\/\/www.salautopianaretoa.com\/wp-content\/uploads\/2023\/07\/whatsapp-image-2023-01-04-at-122816-0.jpeg 1920w, https:\/\/www.salautopianaretoa.com\/wp-content\/uploads\/2023\/07\/whatsapp-image-2023-01-04-at-122816-0-768x240.jpeg 768w, https:\/\/www.salautopianaretoa.com\/wp-content\/uploads\/2023\/07\/whatsapp-image-2023-01-04-at-122816-0-1536x480.jpeg 1536w, https:\/\/www.salautopianaretoa.com\/wp-content\/uploads\/2023\/07\/whatsapp-image-2023-01-04-at-122816-0-1500x469.jpeg 1500w, https:\/\/www.salautopianaretoa.com\/wp-content\/uploads\/2023\/07\/whatsapp-image-2023-01-04-at-122816-0-705x220.jpeg 705w\" sizes=\"auto, (max-width: 1920px) 100vw, 1920px\" \/><\/p>\n<p>&nbsp;<\/p>\n<p><strong>FITXA ARTISTIKOA:<\/strong><\/p>\n<p>Zuzendaritza: Patricia Rodr\u00edguez<\/p>\n<p>Aktoreak: Manu Lobo-Arantxa F. Ramos-Samuel Nilson(ni\u00f1o)<\/p>\n<p>Eszenografia: Tamara Norniella<\/p>\n<p>Jantziak: Azucena Rico<\/p>\n<p>Musika: \u00c1lvaro B\u00e1rcen-Sam Rodr\u00edguez<\/p>\n<p>Argiztapena: Alberto Ortiz San Mart\u00edn<\/p>\n<p>Soinua: Alberto Ortiz San Mart\u00edn<\/p>\n<p>Koreografia: Manu Lobo<\/p>\n<p>Ekoizpena: Arantxa F. Ramo-Hugo Manso<\/p>\n<p><a id=\"cro-widget\" href=\"https:\/\/entradium.com\/events\/calorcalor-guayomini-producciones-getxo\">Sarrerak erosi &#8220;caLORCAlor&#8221; GUAYOMIN\u00cd PRODUCCIONES<\/a><br \/>\n<script type=\"text\/javascript\" src=\"https:\/\/core.entradium.com\/widget_import.js\"><\/script><\/p>\n","protected":false},"excerpt":{"rendered":"<p>&#8220;Bi aktore, Arantxa eta Lobo, lastategi batean elkartuko dira amets bat eig bihurtzeko: Fuente Vaquerosen egileari justizia poetikoa egingo dion antzezlan bat sortuko dute&#8221;<\/p>\n","protected":false},"author":1,"featured_media":9774,"template":"","meta":{"_tribe_events_status":"","_tribe_events_status_reason":"","footnotes":""},"tags":[501,546],"tribe_events_cat":[322,517,361],"class_list":["post-9827","tribe_events","type-tribe_events","status-publish","has-post-thumbnail","hentry","tag-familia-antzerkia-eu","tag-lorca-eu","tribe_events_cat-antzerkia","tribe_events_cat-familiar-antzerkia","tribe_events_cat-haurrentzako-antzerkia","cat_antzerkia","cat_familiar-antzerkia","cat_haurrentzako-antzerkia"],"yoast_head":"<!-- This site is optimized with the Yoast SEO plugin v27.4 - https:\/\/yoast.com\/product\/yoast-seo-wordpress\/ -->\n<title>caLORCAlor - salautopianaretoa.com<\/title>\n<meta name=\"robots\" content=\"index, follow, max-snippet:-1, max-image-preview:large, max-video-preview:-1\" \/>\n<link rel=\"canonical\" href=\"https:\/\/www.salautopianaretoa.com\/evento\/calorcalor\/\" \/>\n<meta property=\"og:locale\" content=\"eu_ES\" \/>\n<meta property=\"og:type\" content=\"article\" \/>\n<meta property=\"og:title\" content=\"caLORCAlor - salautopianaretoa.com\" \/>\n<meta property=\"og:description\" content=\"&quot;Bi aktore, Arantxa eta Lobo, lastategi batean elkartuko dira amets bat eig bihurtzeko: Fuente Vaquerosen egileari justizia poetikoa egingo dion antzezlan bat sortuko dute&quot;\" \/>\n<meta property=\"og:url\" content=\"https:\/\/www.salautopianaretoa.com\/evento\/calorcalor\/\" \/>\n<meta property=\"og:site_name\" content=\"salautopianaretoa.com\" \/>\n<meta property=\"og:image\" content=\"https:\/\/www.salautopianaretoa.com\/wp-content\/uploads\/2023\/07\/whatsapp-image-2023-01-04-at-122816-0.jpeg\" \/>\n<meta name=\"twitter:card\" content=\"summary_large_image\" \/>\n<script type=\"application\/ld+json\" class=\"yoast-schema-graph\">{\"@context\":\"https:\\\/\\\/schema.org\",\"@graph\":[{\"@type\":\"WebPage\",\"@id\":\"https:\\\/\\\/www.salautopianaretoa.com\\\/evento\\\/calorcalor\\\/\",\"url\":\"https:\\\/\\\/www.salautopianaretoa.com\\\/evento\\\/calorcalor\\\/\",\"name\":\"caLORCAlor - salautopianaretoa.com\",\"isPartOf\":{\"@id\":\"https:\\\/\\\/www.salautopianaretoa.com\\\/#website\"},\"primaryImageOfPage\":{\"@id\":\"https:\\\/\\\/www.salautopianaretoa.com\\\/evento\\\/calorcalor\\\/#primaryimage\"},\"image\":{\"@id\":\"https:\\\/\\\/www.salautopianaretoa.com\\\/evento\\\/calorcalor\\\/#primaryimage\"},\"thumbnailUrl\":\"https:\\\/\\\/www.salautopianaretoa.com\\\/wp-content\\\/uploads\\\/2023\\\/07\\\/calorcalor-web1.jpg\",\"datePublished\":\"2023-07-17T15:09:21+00:00\",\"breadcrumb\":{\"@id\":\"https:\\\/\\\/www.salautopianaretoa.com\\\/evento\\\/calorcalor\\\/#breadcrumb\"},\"inLanguage\":\"eu-ES\",\"potentialAction\":[{\"@type\":\"ReadAction\",\"target\":[\"https:\\\/\\\/www.salautopianaretoa.com\\\/evento\\\/calorcalor\\\/\"]}]},{\"@type\":\"ImageObject\",\"inLanguage\":\"eu-ES\",\"@id\":\"https:\\\/\\\/www.salautopianaretoa.com\\\/evento\\\/calorcalor\\\/#primaryimage\",\"url\":\"https:\\\/\\\/www.salautopianaretoa.com\\\/wp-content\\\/uploads\\\/2023\\\/07\\\/calorcalor-web1.jpg\",\"contentUrl\":\"https:\\\/\\\/www.salautopianaretoa.com\\\/wp-content\\\/uploads\\\/2023\\\/07\\\/calorcalor-web1.jpg\",\"width\":1063,\"height\":389},{\"@type\":\"BreadcrumbList\",\"@id\":\"https:\\\/\\\/www.salautopianaretoa.com\\\/evento\\\/calorcalor\\\/#breadcrumb\",\"itemListElement\":[{\"@type\":\"ListItem\",\"position\":1,\"name\":\"Portada\",\"item\":\"https:\\\/\\\/www.salautopianaretoa.com\\\/eu\\\/hasiera\\\/\"},{\"@type\":\"ListItem\",\"position\":2,\"name\":\"Eventos\",\"item\":\"https:\\\/\\\/www.salautopianaretoa.com\\\/calendario\\\/\"},{\"@type\":\"ListItem\",\"position\":3,\"name\":\"caLORCAlor\"}]},{\"@type\":\"WebSite\",\"@id\":\"https:\\\/\\\/www.salautopianaretoa.com\\\/#website\",\"url\":\"https:\\\/\\\/www.salautopianaretoa.com\\\/\",\"name\":\"salautopianaretoa.com\",\"description\":\"Sala de teatro\",\"potentialAction\":[{\"@type\":\"SearchAction\",\"target\":{\"@type\":\"EntryPoint\",\"urlTemplate\":\"https:\\\/\\\/www.salautopianaretoa.com\\\/?s={search_term_string}\"},\"query-input\":{\"@type\":\"PropertyValueSpecification\",\"valueRequired\":true,\"valueName\":\"search_term_string\"}}],\"inLanguage\":\"eu-ES\"}]}<\/script>\n<!-- \/ Yoast SEO plugin. -->","yoast_head_json":{"title":"caLORCAlor - salautopianaretoa.com","robots":{"index":"index","follow":"follow","max-snippet":"max-snippet:-1","max-image-preview":"max-image-preview:large","max-video-preview":"max-video-preview:-1"},"canonical":"https:\/\/www.salautopianaretoa.com\/evento\/calorcalor\/","og_locale":"eu_ES","og_type":"article","og_title":"caLORCAlor - salautopianaretoa.com","og_description":"\"Bi aktore, Arantxa eta Lobo, lastategi batean elkartuko dira amets bat eig bihurtzeko: Fuente Vaquerosen egileari justizia poetikoa egingo dion antzezlan bat sortuko dute\"","og_url":"https:\/\/www.salautopianaretoa.com\/evento\/calorcalor\/","og_site_name":"salautopianaretoa.com","og_image":[{"url":"https:\/\/www.salautopianaretoa.com\/wp-content\/uploads\/2023\/07\/whatsapp-image-2023-01-04-at-122816-0.jpeg","type":"","width":"","height":""}],"twitter_card":"summary_large_image","schema":{"@context":"https:\/\/schema.org","@graph":[{"@type":"WebPage","@id":"https:\/\/www.salautopianaretoa.com\/evento\/calorcalor\/","url":"https:\/\/www.salautopianaretoa.com\/evento\/calorcalor\/","name":"caLORCAlor - salautopianaretoa.com","isPartOf":{"@id":"https:\/\/www.salautopianaretoa.com\/#website"},"primaryImageOfPage":{"@id":"https:\/\/www.salautopianaretoa.com\/evento\/calorcalor\/#primaryimage"},"image":{"@id":"https:\/\/www.salautopianaretoa.com\/evento\/calorcalor\/#primaryimage"},"thumbnailUrl":"https:\/\/www.salautopianaretoa.com\/wp-content\/uploads\/2023\/07\/calorcalor-web1.jpg","datePublished":"2023-07-17T15:09:21+00:00","breadcrumb":{"@id":"https:\/\/www.salautopianaretoa.com\/evento\/calorcalor\/#breadcrumb"},"inLanguage":"eu-ES","potentialAction":[{"@type":"ReadAction","target":["https:\/\/www.salautopianaretoa.com\/evento\/calorcalor\/"]}]},{"@type":"ImageObject","inLanguage":"eu-ES","@id":"https:\/\/www.salautopianaretoa.com\/evento\/calorcalor\/#primaryimage","url":"https:\/\/www.salautopianaretoa.com\/wp-content\/uploads\/2023\/07\/calorcalor-web1.jpg","contentUrl":"https:\/\/www.salautopianaretoa.com\/wp-content\/uploads\/2023\/07\/calorcalor-web1.jpg","width":1063,"height":389},{"@type":"BreadcrumbList","@id":"https:\/\/www.salautopianaretoa.com\/evento\/calorcalor\/#breadcrumb","itemListElement":[{"@type":"ListItem","position":1,"name":"Portada","item":"https:\/\/www.salautopianaretoa.com\/eu\/hasiera\/"},{"@type":"ListItem","position":2,"name":"Eventos","item":"https:\/\/www.salautopianaretoa.com\/calendario\/"},{"@type":"ListItem","position":3,"name":"caLORCAlor"}]},{"@type":"WebSite","@id":"https:\/\/www.salautopianaretoa.com\/#website","url":"https:\/\/www.salautopianaretoa.com\/","name":"salautopianaretoa.com","description":"Sala de teatro","potentialAction":[{"@type":"SearchAction","target":{"@type":"EntryPoint","urlTemplate":"https:\/\/www.salautopianaretoa.com\/?s={search_term_string}"},"query-input":{"@type":"PropertyValueSpecification","valueRequired":true,"valueName":"search_term_string"}}],"inLanguage":"eu-ES"}]}},"_links":{"self":[{"href":"https:\/\/www.salautopianaretoa.com\/eu\/wp-json\/wp\/v2\/tribe_events\/9827","targetHints":{"allow":["GET"]}}],"collection":[{"href":"https:\/\/www.salautopianaretoa.com\/eu\/wp-json\/wp\/v2\/tribe_events"}],"about":[{"href":"https:\/\/www.salautopianaretoa.com\/eu\/wp-json\/wp\/v2\/types\/tribe_events"}],"author":[{"embeddable":true,"href":"https:\/\/www.salautopianaretoa.com\/eu\/wp-json\/wp\/v2\/users\/1"}],"version-history":[{"count":0,"href":"https:\/\/www.salautopianaretoa.com\/eu\/wp-json\/wp\/v2\/tribe_events\/9827\/revisions"}],"wp:featuredmedia":[{"embeddable":true,"href":"https:\/\/www.salautopianaretoa.com\/eu\/wp-json\/wp\/v2\/media\/9774"}],"wp:attachment":[{"href":"https:\/\/www.salautopianaretoa.com\/eu\/wp-json\/wp\/v2\/media?parent=9827"}],"wp:term":[{"taxonomy":"post_tag","embeddable":true,"href":"https:\/\/www.salautopianaretoa.com\/eu\/wp-json\/wp\/v2\/tags?post=9827"},{"taxonomy":"tribe_events_cat","embeddable":true,"href":"https:\/\/www.salautopianaretoa.com\/eu\/wp-json\/wp\/v2\/tribe_events_cat?post=9827"}],"curies":[{"name":"wp","href":"https:\/\/api.w.org\/{rel}","templated":true}]}}

<p><strong>GUAYOMINÍ PRODUCCIONES</strong></p>
<p>IRAUPENA: 50 minutu</p>
<p>6 urtetik aurrera</p>
<p><strong>OH 2023 SARIA HAURRENTZAKO IKUSKIZUN ONENARI</strong></p>
<p>Bi aktore, Arantxa eta Lobo, lastategi batean elkartuko dira amets bat eig bihurtzeko: Fuente Vaquerosen egileari justizia poetikoa egingo dion antzezlan bat sortuko dute. Lan hori erraza izango litzateke bere bertsoak hain ederrak izango ez balira, ezen bere obraren irudikapen bat bera ere ezin izango bailitzateke hain ederra izan. Azken finean, nola eraman daiteke itsasoaren usaina antzokira edo nola bete daiteke izarrez besaulki patioa?</p>
<div class='avia-iframe-wrap'><iframe loading="lazy" title="teaser prov CALORCALOR" width="1500" height="844" src="https://www.youtube.com/embed/IuBLCddkD5M?feature=oembed" frameborder="0" allow="accelerometer; autoplay; clipboard-write; encrypted-media; gyroscope; picture-in-picture; web-share" allowfullscreen></iframe></div>
<p>Komedia interaktibo honen bidez, elkarrekin Lorcaren nortasun adierazgarria ezagutuko dute, bere piezarik ludikoenak, jendea festara eramango dute eta, benetan ondo egiten badute, egilea bera ere ager daiteke sorpresa bat emateko.</p>
<p>&nbsp;</p>
<p><img loading="lazy" decoding="async" class="alignnone wp-image-9767 size-full" src="https://www.salautopianaretoa.com/wp-content/uploads/2023/07/whatsapp-image-2023-01-04-at-122816-0.jpeg" alt="" width="1920" height="600" srcset="https://www.salautopianaretoa.com/wp-content/uploads/2023/07/whatsapp-image-2023-01-04-at-122816-0.jpeg 1920w, https://www.salautopianaretoa.com/wp-content/uploads/2023/07/whatsapp-image-2023-01-04-at-122816-0-768x240.jpeg 768w, https://www.salautopianaretoa.com/wp-content/uploads/2023/07/whatsapp-image-2023-01-04-at-122816-0-1536x480.jpeg 1536w, https://www.salautopianaretoa.com/wp-content/uploads/2023/07/whatsapp-image-2023-01-04-at-122816-0-1500x469.jpeg 1500w, https://www.salautopianaretoa.com/wp-content/uploads/2023/07/whatsapp-image-2023-01-04-at-122816-0-705x220.jpeg 705w" sizes="auto, (max-width: 1920px) 100vw, 1920px" /></p>
<p>&nbsp;</p>
<p><strong>FITXA ARTISTIKOA:</strong></p>
<p>Zuzendaritza: Patricia Rodríguez</p>
<p>Aktoreak: Manu Lobo-Arantxa F. Ramos-Samuel Nilson(niño)</p>
<p>Eszenografia: Tamara Norniella</p>
<p>Jantziak: Azucena Rico</p>
<p>Musika: Álvaro Bárcen-Sam Rodríguez</p>
<p>Argiztapena: Alberto Ortiz San Martín</p>
<p>Soinua: Alberto Ortiz San Martín</p>
<p>Koreografia: Manu Lobo</p>
<p>Ekoizpena: Arantxa F. Ramo-Hugo Manso</p>
<p><a id="cro-widget" href="https://entradium.com/events/calorcalor-guayomini-producciones-getxo">Sarrerak erosi &#8220;caLORCAlor&#8221; GUAYOMINÍ PRODUCCIONES</a><br />
<script type="text/javascript" src="https://core.entradium.com/widget_import.js"></script></p>
